 2?
1
Suppose 100 = 4*u - 0*u. Suppose -q = 5*n - u, 3*n - 2 = -8. Suppose 6 + 5 = -r + 3*g, 5*r - q = -3*g. What is the greatest common factor of r and 20?
4
Let y(n) = 8*n**2 + 115*n - 458. Let i be y(4). What is the greatest common factor of 156 and i?
26
Suppose 5*y + 0*a - 20 = -5*a, 0 = -4*y + 3*a + 9. Suppose 55 + 29 = y*z. Calculate the highest common divisor of z and 14.
14
Let r be -804*(-92)/136 + 28/238. Calculate the highest common divisor of r and 64.
32
Suppose 0 = 3*d + 3, -4*d = 2*h - 9*d + 37. Let t = h + 36. Let p = 21 + t. Calculate the highest common divisor of p and 12.
12
Suppose -10*b = -14*b - 12. Let i be b + (-12)/(-3) - -31. Calculate the greatest common factor of 4 and i.
4
Suppose 11 = v - 3. Suppose 1 = 4*o - 3*o + 2*h, -2*o - v = -4*h. Let u be 1 + 9 - o/(-1). Calculate the greatest common divisor of 1 and u.
1
Let o be 8 + 109 - (1 + -1). What is the greatest common factor of o and 9?
9
Let j(h) = h**2 + 3*h - 17. Let d be j(-11). Suppose r = -3*y + 42, 0 = 3*r + 3*y - 5*y - d. What is the greatest common factor of r and 216?
27
Let b(x) = 2*x - 5. Let w be b(6). Let o(p) = 10*p - 33. Let v be o(4). Calculate the highest common factor of v and w.
7
Suppose 4*r = -r - 325. Let n = r - -72. Calculate the greatest common factor of n and 49.
7
Let v(s) = 9*s - 213. Let k be v(27). Calculate the highest common divisor of k and 110.
10
Let i be (5 - 2)*(-68)/(-3). Let t be 12 - -1 - (-2 + 6)*-1. What is the highest common divisor of i and t?
17
Let a(q) be the first derivative of -19*q**4/4 + q**3/3 - q**2/2 - 2*q + 15. Let y be a(-1). What is the highest common factor of y and 57?
19
Let l = 13 - 11. Suppose 0 = l*o - 5*q - 69 + 1, 0 = -5*o - 2*q + 112. Calculate the greatest common divisor of 60 and o.
12
Suppose -3*h - 122 = -5*t, -37 = h - 38. Suppose 300 = 4*z - 0*z. Calculate the greatest common divisor of t and z.
25
Let r = 187 - 185. Calculate the greatest common divisor of r and 136.
2
Let v = -67 - -344. Suppose -3*q - v = -901. Calculate the highest common factor of q and 26.
26
Suppose 0 = 4*p - 9*p + 200. Let c be (-21 + 3 + -3)*p/(-3). Calculate the greatest common factor of c and 35.
35
Suppose -1584 = -11*s - 275. What is the highest common factor of 153 and s?
17
Let r = -49 + 127. Let z be -5 + (61 + -2 - 15). What is the highest common factor of z and r?
39
Let h = 1016 - 938. Let l be (-24)/(-8) + (23 - 0). Calculate the greatest common divisor of l and h.
26
Let r = 30 + -5. What is the greatest common factor of r and 35?
5
Let i(r) = r**2 + 8*r + 48. Let u be i(-8). What is the greatest common divisor of 264 and u?
24
Let y = 88 - 70. Suppose 20 = -4*i + 2*x, 0 = -3*x - x + 16. Let d be ((-27)/4)/(i/8). Calculate the highest common factor of y and d.
18
Suppose -2*f + 57 + 169 = -4*o, -2*o + 2 = 0. Suppose 1207*n - 123 = 1202*n - c, -3*n + 3*c + 45 = 0. Calculate the greatest common divisor of n and f.
23
Suppose -3*u = -u + 2. Let i = u - -12. Let q be 1100/(-40)*(-2)/5. What is the greatest common factor of i and q?
11
Let u be 5/1 - (1 + 0). Let b = -54 + 98. Let q be b*4/8 + -2. Calculate the highest common divisor of u and q.
4
Let h be (-9)/1 + (-1)/(-1). Let k be (h + 5)/(3/(-5)). Suppose 4*l - k*p - 7 - 12 = 0, l + 2*p = -5. What is the greatest common factor of l and 11?
1
Let n = 187 - 55. Let s(m) = 8*m - 4. Let b be s(2). What is the greatest common factor of b and n?
12
Suppose 16*r - 228 = 4*r. What is the greatest common divisor of 1 and r?
1
Let b(h) = h**2 - h + 10. Let s = -62 - -59. Let f be b(s). Calculate the greatest common factor of f and 77.
11
Let j(v) = 72*v. Let m be j(4). Suppose -f + 7*f = m. Let s = 7 + -1. Calculate the greatest common divisor of f and s.
6
Let y be 3/12 + 2/(1*-8). Suppose y*n = 5*n - 2*j - 610, 0 = -2*n + 5*j + 265. What is the highest common divisor of 15 and n?
15
Let g be 40/36*3*6. Let y be (-141)/(-4) + (-5)/g. What is the greatest common factor of 7 and y?
7
Let i = -96 - -118. Calculate the greatest common divisor of 110 and i.
22
Let c = 23 + -17. Let l = -46 + c. Let d = -22 - l. Calculate the greatest common factor of 27 and d.
9
Let m be (6/(-8))/(2/(-56)). Suppose -390 + 243 = -7*g. Calculate the greatest common divisor of m and g.
21
Let j be 59 + 0 - (2 + (-6 - -7)). Calculate the highest common factor of 40 and j.
8
Let j be ((-46)/(-70) + (-5)/(-35))*110. Calculate the highest common factor of 396 and j.
44
Let o(s) = s**2 + 14*s + 33. Let a be o(-17). Suppose -4*m = t - 8*m - 31, 0 = 3*t - 3*m - a. What is the highest common divisor of t and 36?
9
Let v(h) = h**3 - 10*h**2 + 21*h - 5. Let o be v(7). Let d(c) = 2*c + 3*c**2 - c**2 - 7 + 0*c. Let i be d(o). What is the highest common factor of i and 3?
3
Let f(r) = 2*r - 5. Let a = -8 + 3. Let w = a - -10. Let o be f(w). Calculate the greatest common factor of 2 and o.
1
Suppose 0*y - 4 = -2*y - 2*x, -10 = -5*y + 4*x. Suppose -y*f + 11*f = 945. What is the greatest common divisor of 15 and f?
15
Let b(o) = 11*o + 5. Let k be b(5). Let g = -17209 - -17229. What is the greatest common divisor of k and g?
20
Suppose 0 = -7*d + 20 + 1. Suppose 5*c - 2*q - 20 = 0, 3*c + d*q = q + 12. What is the greatest common factor of 6 and c?
2
Suppose -8 = 5*x - 2*p - 34, -4*x - 3*p + 30 = 0. Let a(t) = t**3 - 6*t**2 - t + 8. Let m be a(x). What is the greatest common factor of m and 4?
2
Let r = -268 - -284. Suppose 0 = v - 4*y + 4, v + 2*y - 10 = -2. What is the greatest common divisor of r and v?
4
Let a(r) = -21*r - 265. Let p be a(-13). Let x(t) = t**2 - 2*t + 8. Let b be x(8). Calculate the highest common divisor of b and p.
8
Let p be 526/(-2 + 4/1). Suppose r - 3 = 2*u + 68, 4*r = u + p. What is the greatest common divisor of r and 5?
5
Let n be -20*7*(-63)/36. Calculate the greatest common factor of n and 49.
49
Let o be 1/(-2) + (-7)/(-14). Let s(z) = 2*z**3 + z**2 - z + 57. Let v be s(o). Calculate the highest common factor of v and 38.
19
Let p be (3 - -2) + (-2 - 0). Let g(a) = 10*a**3 - 4*a**2 - 3. Let n be g(p). Calculate the highest common factor of n and 21.
21
Suppose 4*b - 3*g + 3 = -4, 0 = 5*b + 4*g - 30. Let k(f) = 4*f - 3. Let s be k(b). Let x = 7 + s. What is the greatest common factor of x and 96?
12
Suppose -t - 2 = 3*n - 0, 0 = -5*t + 3*n + 26. Suppose -i + 1 - 2 = 0. Let m = i - -3. Calculate the greatest common factor of t and m.
2
Let k(y) = y**3 + 10*y**2 + 4*y + 3. Let t be k(-9). Calculate the greatest common divisor of 432 and t.
48
Let a(v) = 2*v + 28. Let b be (-39)/2*(-8)/(-12). Let h be a(b). Calculate the highest common divisor of 5 and h.
1
Suppose -28*p - 17*p + 1890 = 0. What is the greatest common factor of 28 and p?
14
Suppose -15 + 50 = 5*u. Let t = -918 - -932. Calculate the highest common factor of t and u.
7
Let t be (-18)/(-12)*88/6. Let l = 45 - t. Calculate the highest common factor of 69 and l.
23
Let w(o) = o - 7. Let k be w(10). Let u(h) = -h**2 + k*h**2 - 2 + 0*h**2 - h + 3*h**2. Let j be u(-2). Calculate the greatest common divisor of 60 and j.
20
Let b be 1*(-2 + (-1 - -15)). Suppose 3*q - q - 6 = 0. Suppose 5*k + 2*p = -1 + 5, 0 = -4*k + q*p + 17. What is the greatest common divisor of b and k?
2
Suppose 2*r + 120 - 260 = 0. Calculate the greatest common factor of r and 30.
10
Let x = 43 - 41. Let n be ((-5)/x)/((-6)/24). What is the greatest common factor of n and 70?
10
Let i(f) = f**3 - 22*f**2 - f + 25. Let y be i(22). Let u be y*(7 + 8/4). What is the greatest common factor of u and 9?
9
Let o be 4/14 + 19/7. Suppose a = -o*a - 44. Let z = a - -47. Calculate the greatest common factor of 4 and z.
4
Let x be (-3740)/(-125) - (-16)/200. What is the greatest common factor of x and 320?
10
Let d = 41 + -35. Suppose -300 = -d*n + n. What is the highest common factor of n and 24?
12
Suppose 5*r - 4*q = 116, -2*r + 8 + 40 = -2*q. Suppose -4*s + 0*s + r = 0. Suppose -s*u + 0*u = -765. What is the greatest common divisor of 17 and u?
17
Let s = 10 - 5. Suppose 4*x - 4*t = 80, s*x = x - 3*t + 66. Let p be 12/(-54) - (-724)/x. Calculate the highest common divisor of p and 60.
20
Let z be 21/(((-354)/(-56))/(-3) + 2). Let r = -115 - z. Calculate the greatest common divisor of r and 54.
27
Let v = -840 + 1815. What is the greatest common factor